 base 12, what is -59b3 + -aa66?
-14859
In base 3, what is -111021210 - -20221022122?
20110000212
In base 10, what is 9153 + 36719?
45872
In base 2, what is 111100000 - -1001100001001111?
1001101000101111
In base 15, what is -6 - b32eb82?
-b32eb88
In base 15, what is 10d66208 + 2?
10d6620a
In base 4, what is 23232322 - -1031300?
30330222
In base 4, what is -22130223213002 - 1?
-22130223213003
In base 11, what is 1026714 - 8?
1026707
In base 3, what is -222210 - 2100002002?
-2101001212
In base 14, what is 38c708 + -12?
38c6d6
In base 8, what is 766335 - -341?
766676
In base 8, what is -1376573 - -65?
-1376506
In base 10, what is 43630339 + 7?
43630346
In base 12, what is 1b32 - 32a4?
-1372
In base 11, what is 240 - 1991?
-1751
In base 4, what is 2001211331 + 22?
2001212013
In base 2, what is -110011110 - -101111110001000?
101110111101010
In base 9, what is -1438 + -216327?
-217766
In base 8, what is -526363131 + 5?
-526363124
In base 11, what is -241919 + 174?
-241755
In base 16, what is 69 - -ab607?
ab670
In base 5, what is -211 + -1213323121?
-1213323332
In base 9, what is -10 - -77837?
77827
In base 8, what is 504 - -143101?
143605
In base 9, what is 13540711 + 3?
13540714
In base 11, what is 5a4679 - -51?
5a471a
In base 9, what is -506723 + -7?
-506731
In base 7, what is 3052 + 1203226?
1206311
In base 14, what is 25 + 1c1d4?
1c219
In base 3, what is 2 - -2200200120021?
2200200120100
In base 13, what is -2c300 + -79?
-2c379
In base 13, what is 0 - 1cb91149?
-1cb91149
In base 8, what is 3065346 + 306?
3065654
In base 8, what is 225540 + -33?
225505
In base 8, what is 11657 - -15700?
27557
In base 9, what is -300 + 7626?
7326
In base 5, what is -21320024042 + 3?
-21320024034
In base 9, what is 6 - -2821363?
2821370
In base 16, what is f8a46 - 1?
f8a45
In base 3, what is -1212000100110210 + 10?
-1212000100110200
In base 16, what is 7c9518 - 24?
7c94f4
In base 9, what is -127005040 - -1?
-127005038
In base 4, what is 211 + 3113220300?
3113221111
In base 14, what is -1 - a5ad675?
-a5ad676
In base 11, what is 2520 - 8800?
-6290
In base 7, what is -201226600 + -4?
-201226604
In base 14, what is 8730 + -92?
867c
In base 6, what is -232 + -10424451?
-10425123
In base 14, what is 17 - -252a29?
252a42
In base 13, what is 3 - -1674ca68?
1674ca6b
In base 16, what is -203 - 7f4b7?
-7f6ba
In base 5, what is 111221 - -10240?
122011
In base 15, what is -a03 - -692?
-361
In base 6, what is -5 + -5143210052?
-5143210101
In base 3, what is -1210 - -1001021110200?
1001021101220
In base 9, what is 144402 - 844?
143447
In base 5, what is -32010332404 - -3?
-32010332401
In base 4, what is 3 + -10231011221231?
-10231011221222
In base 16, what is 422621 - 12?
42260f
In base 8, what is 40501 - -142?
40643
In base 13, what is ab4b9 + b?
ab4c7
In base 6, what is -111424 + -133503?
-245331
In base 16, what is -17612 + -27e?
-17890
In base 14, what is -6 + 2576d97?
2576d91
In base 2, what is 10011001010000 - 1111011101011?
11101100101
In base 15, what is -4 + -422708?
-42270c
In base 14, what is -289bd + -4?
-289c3
In base 4, what is -10023310 + 201333?
-3221311
In base 2, what is -11110010001101111 + 110?
-11110010001101001
In base 10, what is 1541 - -16179?
17720
In base 5, what is 121 + 1030202?
1030323
In base 13, what is 103a5a6 + -13?
103a593
In base 2, what is -11100100101110110 - 1?
-11100100101110111
In base 8, what is 250 + -5231701?
-5231431
In base 9, what is -4 - -453371?
453366
In base 6, what is 22105 - 203124?
-141015
In base 16, what is -66a + -413b?
-47a5
In base 9, what is 2087370 - 27?
2087342
In base 16, what is -1b8891 - -8?
-1b8889
In base 3, what is 2012 + 1122111201102?
1122111210121
In base 8, what is 44 + 10317?
10363
In base 3, what is -2 - -1011122101102221?
1011122101102212
In base 11, what is -4 - -394122?
394119
In base 9, what is 1378 - 17467?
-16078
In base 6, what is 4230 - 13110?
-4440
In base 11, what is -1017513 + -7?
-101751a
In base 4, what is -2 - 1312131300330?
-1312131300332
In base 16, what is 32 + a19ee?
a1a20
In base 2, what is -11010011 - -110010100100111?
110010001010100
In base 6, what is 240433340 - 1?
240433335
In base 11, what is -a19 + -1287?
-21a5
In base 11, what is -2 + 657229?
657227
In base 3, what is 1210002022111 - 201?
1210002021210
In base 15, what is 49 - -60c70e?
60c758
In base 10, what is 2077 - 10012?
-7935
In base 2, what is 1000110000000100100 - 100100?
1000110000000000000
In base 4, what is -1031222012222 - 23?
-1031222012311
In base 15, what is -12407 + -137?
-1253e
In base 4, what is 2 - 12213112020?
-12213112012
In base 7, what is -5 + -52424245?
-52424253
In base 5, what is 14 - 430011144?
-430011130
In base 5, what is -333400 + -100120?
-434020
In base 4, what is -21311 - -1132101030?
1132013113
In base 13, what is 79b2 - 42a?
7585
In base 16, what is ee - -529b?
5389
In base 8, what is -6720624 - 2?
-6720626
In base 14, what is -5 + -25c5ab5c?
-25c5ab63
In base 8, what is -10655 - -13002?
2125
In base 11, what is -1 - -4507637?
4507636
In base 3, what is -10 - 221002110010011?
-221002110010021
In base 4, what is 2 + 23030231233?
23030231301
In base 3, what is 1002222100012 + -11?
1002222100001
In base 2, what is 1010111100 + -1100010000001010011?
-1100001110110010111
In base 12, what is -9 + -24789?
-24796
In base 3, what is 101 - 2110002022210220?
-2110002022210112
In base 9, what is -701186 - 3?
-701200
In base 12, what is 6 + 8000a98?
8000aa2
In base 15, what is 95a - 769?
1e1
In base 6, what is 1 + -3514445343?
-3514445342
In base 8, what is -17212200 - 26?
-17212226
In base 9, what is -8228 - -1271?
-6847
In base 15, what is 586c6e - 1?
586c6d
In base 5, what is 10 - -21344304010?
21344304020
In base 9, what is 54333 - -71?
54414
In base 11, what is 1190a18 + -66?
1190962
In base 2, what is 1000110000110110110110 + -1011?
1000110000110110101011
In base 6, what is 10554513 + -12?
10554501
In base 13, what is 0 - -2635853a?
2635853a
In base 6, what is -1 + 2544335135?
2544335134
In base 4, what is 3 - -300022030131?
300022030200
In base 12, what is -2894883b2 - -3?
-2894883ab
In base 7, what is 41 + 445444103?
445444144
In base 3, what is -122122002210020 - 1100?
-122122002211120
In base 9, what is -41142 - 12542?
-53684
In base 16, what is 2 - -2e43322?
2e43324
In base 15, what is -22891c + -36?
-228953
In base 15, what is bb879 + 1e2?
bba6b
In base 6, what is -21404254 + 3?
-21404251
In base 10, what is 74 + 1120793?
1120867
In base 4, what is 201312 + -33021332?
-32220020
In base 8, what is 22521740 - 11?
22521727
In base 11, what is 73768 + 1010?
74778
In base 11, what is -42a569 + -284?
-42a842
In base 6, what is -2 - -215233544?
215233542
In base 10, what is 2 + 439500930?
439500932
In base 5, what is -3201134224 - -42?
-3201134132
In base 12, what is 2596783 + -a0?
25966a3
In base 2, what is -1010011111101010101 - -100111?
-1010011111100101110
In base 13, what is -1 - -bca631?
bca630
In base 5, what is -210340 - 43104?
-303444
In base 10, what is 1 - -2607885?
2607886
In base 6, what is 4 + -315143444?
-315143440
In base 10, what is 6171 - 10159?
-3988
In base 4, what is -3303 - -112130003?
112120100
In base 11, what is 3242 + -7315?
-4083
In base 12, what is -6 - 152a4a?
-152a54
In base 15, what is -14c2d2 + -1?
-14c2d3
In base 6, what is -12030 + -450510?
-502540
In base 10, what is 47412026 + 5?
47412031
In base 4, what is -13100003200 - 22?
-13100003222
In base 7, what is 12255515 - 6?
12255506
In base 16, what is -275233 - -12?
-275221
In base 7, what is -2554 + -545503?
-551360
In base 6, what is 10344 + 3505535?
3520323
In base 15, what is a9 - -9705?
97ae
In base 6, what is -33541123241 - 0?
-33541123241
In base 12, what is -4779b5 - -181?
-477834
In base 2, what is -1 + -1011001100001100010011?
-1011001100001100010100
In base 4, what is -3013303102 - 1202?
-3013310310
In base 3, what is 10012 - 2110220111020?
-2110220101001
In base 7, what is -6260 - -344154?
334564
In base 8, what is 733 + -50256?
-47323
In base 2, what is 10001111100001000000 - 10110?
10001111100000101010
In base 3, what is 12 + 1020122210210?
1020122210222
In base 6, what is -220 - -122543310?
122543050
In base 3, what is -1100210 + -100111021202?
-100112122112
In base 15, what is 1 + ce225?
ce226
In bas